{"id":8,"date":"2015-02-02T08:39:24","date_gmt":"2015-02-02T08:39:24","guid":{"rendered":"http:\/\/putkiradiomuseo.fi\/Viestikilta\/?page_id=8"},"modified":"2020-02-25T06:57:52","modified_gmt":"2020-02-25T06:57:52","slug":"yhteystiedot","status":"publish","type":"page","link":"https:\/\/putkiradiomuseo.fi\/Viestikilta\/yhteystiedot\/","title":{"rendered":"Yhteystiedot"},"content":{"rendered":"<h2><\/h2>\n<h2>Kymen Viestikillan s\u00e4hk\u00f6postiosoite on <a href=\"mailto:viestikilta@gmail.com\">viestikilta@gmail.com<\/a><\/h2>\n<div class=\"qcf-main qcf-style Kommentointi\"><div id=\"rounded\"><div class=\"qcf-state qcf-ajax-loading qcf-style Kommentointi\"><h3 class=\"validating\">Checking...<\/h3><\/div><div class=\"qcf-state qcf-ajax-error qcf-style Kommentointi\"><div align=\"center\">Ouch! There was a server error.<br \/><a class=\"qcf-retry\">Retry &raquo;<\/a><\/div><\/div><div class=\"qcf-state qcf-sending qcf-style Kommentointi\"><h3 class=\"sending\">Sending message...<\/h3><\/div><div class='qcf-state qcf-form-wrapper'>\r\t<h3 class=\"qcf-header\">Kysytt\u00e4v\u00e4\u00e4 tai kommentoitavaa<\/h3>\r\t<p class=\"qcf-blurb\">T\u00e4yt\u00e4 allaolevat kent\u00e4t<\/p>\r\t<form class='qcf-form' action=\"\" method=\"POST\" enctype=\"multipart\/form-data\" id=\"qfc-form-Kommentointi-1\">\r\t<input type='hidden' name='id' value='Kommentointi' \/>\r\t<input type=\"text\" id=\"qcf-form-field-id-Kommentointi-1\" placeholder=\"Nimi\" class=\"qcf-form-field\" name=\"qcfname1\" value=\"\">\r\t<input type=\"email\" id=\"qcf-form-field-id-Kommentointi-2\" placeholder=\"S\u00e4hk\u00f6posti\" class=\"qcf-form-field\" name=\"qcfname2\" value=\"\">\r\t<input type=\"text\" id=\"qcf-form-field-id-Kommentointi-3\" placeholder=\"Puhelin\" class=\"qcf-form-field\" name=\"qcfname3\" value=\"\">\r\t<textarea id=\"qcf-form-field-id-Kommentointi-4\" placeholder=\"Tekstikentt\u00e4\" class=\"qcf-form-field\" name=\"qcfname4\"><\/textarea>\r\t<p><input type=\"submit\" value=\"L\u00e4het\u00e4\" id=\"submit\" name=\"qcfsubmitKommentointi\" \/><\/p><input type=\"hidden\" name=\"form_id\" value=\"69f3adb007d0e2\" \/><\/form><\/div>\r\t<div style=\"clear:both\"><\/div><\/div>\r\t<\/div>\r\t\n","protected":false},"excerpt":{"rendered":"<p>Kymen Viestikillan s\u00e4hk\u00f6postiosoite on viestikilta@gmail.com<\/p>\n","protected":false},"author":1,"featured_media":0,"parent":0,"menu_order":0,"comment_status":"closed","ping_status":"closed","template":"","meta":[],"_links":{"self":[{"href":"https:\/\/putkiradiomuseo.fi\/Viestikilta\/wp-json\/wp\/v2\/pages\/8"}],"collection":[{"href":"https:\/\/putkiradiomuseo.fi\/Viestikilta\/wp-json\/wp\/v2\/pages"}],"about":[{"href":"https:\/\/putkiradiomuseo.fi\/Viestikilta\/wp-json\/wp\/v2\/types\/page"}],"author":[{"embeddable":true,"href":"https:\/\/putkiradiomuseo.fi\/Viestikilta\/wp-json\/wp\/v2\/users\/1"}],"replies":[{"embeddable":true,"href":"https:\/\/putkiradiomuseo.fi\/Viestikilta\/wp-json\/wp\/v2\/comments?post=8"}],"version-history":[{"count":5,"href":"https:\/\/putkiradiomuseo.fi\/Viestikilta\/wp-json\/wp\/v2\/pages\/8\/revisions"}],"predecessor-version":[{"id":156,"href":"https:\/\/putkiradiomuseo.fi\/Viestikilta\/wp-json\/wp\/v2\/pages\/8\/revisions\/156"}],"wp:attachment":[{"href":"https:\/\/putkiradiomuseo.fi\/Viestikilta\/wp-json\/wp\/v2\/media?parent=8"}],"curies":[{"name":"wp","href":"https:\/\/api.w.org\/{rel}","templated":true}]}}