{"id":64,"date":"2023-05-11T06:20:07","date_gmt":"2023-05-11T06:20:07","guid":{"rendered":"https:\/\/putkiradiomuseo.fi\/tuki\/?page_id=64"},"modified":"2023-05-12T11:54:31","modified_gmt":"2023-05-12T08:54:31","slug":"yhteystiedot","status":"publish","type":"page","link":"https:\/\/putkiradiomuseo.fi\/tuki\/index.php\/yhteystiedot\/","title":{"rendered":"Yhteystiedot"},"content":{"rendered":"<p>Radiomuseon Tuki ry:n hallitus:<\/p>\n<ul>\n<li>Kari Syrj\u00e4nen OH5YW puheenjohtaja <a href=\"mailto:kari.syrjanen@gmail.com\">kari.syrjanen@gmail.com<\/a> 0400 750442<\/li>\n<li>Johanna Andersson, sihteeri<\/li>\n<li>Kari Taskinen<\/li>\n<li>Asa Laine OH5FRJ<\/li>\n<li>Jorma Siiskonen OH5LCJ<\/li>\n<li>Lassi Ukkonen, varaj\u00e4sen<\/li>\n<\/ul>\n<p>Yhdistyksen postiosoite Pajaraitti 1, 45100 Kouvola<\/p>\n<p>Yhdistyksen s\u00e4hk\u00f6posti <a href=\"mailto:tuki@putkiradiomuseo.fi\">tuki@putkiradiomuseo.fi<\/a><\/p>\n<p>Yhdistyksen Y-tunnus 3364604-3<\/p>\n<p>&nbsp;<\/p>\n","protected":false},"excerpt":{"rendered":"<p>Radiomuseon Tuki ry:n hallitus: Kari Syrj\u00e4nen OH5YW puheenjohtaja kari.syrjanen@gmail.com 0400 750442 Johanna Andersson, sihteeri Kari Taskinen Asa Laine OH5FRJ Jorma Siiskonen OH5LCJ Lassi Ukkonen, varaj\u00e4sen Yhdistyksen postiosoite Pajaraitti 1, 45100 Kouvola Yhdistyksen s\u00e4hk\u00f6posti tuki@putkiradiomuseo.fi Yhdistyksen Y-tunnus 3364604-3 &nbsp;<\/p>\n","protected":false},"author":1,"featured_media":0,"parent":0,"menu_order":0,"comment_status":"closed","ping_status":"closed","template":"","meta":{"footnotes":""},"class_list":["post-64","page","type-page","status-publish","hentry"],"_links":{"self":[{"href":"https:\/\/putkiradiomuseo.fi\/tuki\/index.php\/wp-json\/wp\/v2\/pages\/64","targetHints":{"allow":["GET"]}}],"collection":[{"href":"https:\/\/putkiradiomuseo.fi\/tuki\/index.php\/wp-json\/wp\/v2\/pages"}],"about":[{"href":"https:\/\/putkiradiomuseo.fi\/tuki\/index.php\/wp-json\/wp\/v2\/types\/page"}],"author":[{"embeddable":true,"href":"https:\/\/putkiradiomuseo.fi\/tuki\/index.php\/wp-json\/wp\/v2\/users\/1"}],"replies":[{"embeddable":true,"href":"https:\/\/putkiradiomuseo.fi\/tuki\/index.php\/wp-json\/wp\/v2\/comments?post=64"}],"version-history":[{"count":4,"href":"https:\/\/putkiradiomuseo.fi\/tuki\/index.php\/wp-json\/wp\/v2\/pages\/64\/revisions"}],"predecessor-version":[{"id":78,"href":"https:\/\/putkiradiomuseo.fi\/tuki\/index.php\/wp-json\/wp\/v2\/pages\/64\/revisions\/78"}],"wp:attachment":[{"href":"https:\/\/putkiradiomuseo.fi\/tuki\/index.php\/wp-json\/wp\/v2\/media?parent=64"}],"curies":[{"name":"wp","href":"https:\/\/api.w.org\/{rel}","templated":true}]}}